{"id":29613,"date":"2023-02-02T23:01:19","date_gmt":"2023-02-02T23:01:19","guid":{"rendered":"https:\/\/pgmbmv2stg.wpengine.com\/results\/braskem\/"},"modified":"2023-04-03T15:20:35","modified_gmt":"2023-04-03T15:20:35","slug":"braskem","status":"publish","type":"results","link":"https:\/\/wdev.pogustgoodhead.com\/pt-br\/results\/braskem\/","title":{"rendered":"Danos causados pela mina de sal de Macei\u00f3"},"content":{"rendered":"\n<p>Em Setembro de 2022, as comunidades perdidas por danos causados pelas minas de sal no Norte do Brasil celebraram depois de garantirem o direito de processar a empresa petroqu\u00edmica Braskem nos tribunais holandeses. <\/p>\n\n<p>Os reclamantes, que viram as suas casas ruir e os bairros desaparecerem para al\u00e9m da repara\u00e7\u00e3o no munic\u00edpio de Macei\u00f3, Alagoas, devido \u00e0 natureza da explora\u00e7\u00e3o mineira da Braskem, est\u00e3o um passo mais perto da justi\u00e7a. <\/p>\n\n<p>Agora ter\u00e3o o seu caso de indemniza\u00e7\u00e3o avaliado nos tribunais holandeses depois de a Braskem S.A, a maior empresa petroqu\u00edmica do Brasil, n\u00e3o ter oferecido uma repara\u00e7\u00e3o adequada e justa. <\/p>\n\n<p>O s\u00f3cio da Pogust Goodhead, Marc Krestin, disse: &#8220;Levar este caso aos tribunais holandeses \u00e9 conseguir justi\u00e7a para as pessoas que perderam tudo em resultado das actividades mineiras da Braskem. <\/p>\n\n<p>Perderam as suas casas, a sua comunidade e o seu sentido de identidade devido a esta grande corpora\u00e7\u00e3o tirar o que quer da terra e n\u00e3o dar uma segunda reflex\u00e3o ao ambiente e \u00e0s pessoas \u00e0 sua volta que pode prejudicar. Estamos aqui para ver que isto n\u00e3o continua a acontecer.<\/p>\n\n<p>&#8220;Instamos agora a Braskem a tomar nota desta decis\u00e3o, a deixar de negar responsabilidade pelas suas ac\u00e7\u00f5es e a fazer o que est\u00e1 certo por todos aqueles que foram prejudicados&#8221;. <\/p>\n\n<p>Pogust Goodhead prossegue o caso em parceria com os escrit\u00f3rios Neves Macieywski, Garcia e Advogados Associados, Omena Advocacia, Ara\u00fajo e M\u00e1ximo Advogados Associados, e Lemstra Van der Korst.<\/p>\n","protected":false},"featured_media":28794,"template":"","meta":{"_expiration-date-status":"","_expiration-date":0,"_expiration-date-type":"","_expiration-date-categories":[],"_expiration-date-options":[]},"class_list":["post-29613","results","type-results","status-publish","has-post-thumbnail","hentry"],"acf":[],"yoast_head":"<!-- This site is optimized with the Yoast SEO Premium plugin v20.4 (Yoast SEO v20.4) - https:\/\/yoast.com\/wordpress\/plugins\/seo\/ -->\n<title>Danos causados pela mina de sal de Macei\u00f3 - POGUST GOODHEAD<\/title>\n<meta name=\"robots\" content=\"noindex, follow, max-snippet:-1, max-image-preview:large, max-video-preview:-1\" \/>\n<meta property=\"og:locale\" content=\"pt_BR\" \/>\n<meta property=\"og:type\" content=\"article\" \/>\n<meta property=\"og:title\" content=\"Danos causados pela mina de sal de Macei\u00f3\" \/>\n<meta property=\"og:description\" content=\"Em Setembro de 2022, as comunidades perdidas por danos causados pelas minas de sal no Norte do Brasil celebraram depois de garantirem o direito de processar a empresa petroqu\u00edmica Braskem nos tribunais holandeses. Os reclamantes, que viram as suas casas ruir e os bairros desaparecerem para al\u00e9m da repara\u00e7\u00e3o no munic\u00edpio de Macei\u00f3, Alagoas, devido [&hellip;]\" \/>\n<meta property=\"og:url\" content=\"https:\/\/wdev.pogustgoodhead.com\/pt-br\/results\/braskem\/\" \/>\n<meta property=\"og:site_name\" content=\"POGUST GOODHEAD\" \/>\n<meta property=\"article:modified_time\" content=\"2023-04-03T15:20:35+00:00\" \/>\n<meta property=\"og:image\" content=\"https:\/\/wdev.pogustgoodhead.com\/wp-content\/uploads\/2023\/01\/maceio.png\" \/>\n\t<meta property=\"og:image:width\" content=\"768\" \/>\n\t<meta property=\"og:image:height\" content=\"507\" \/>\n\t<meta property=\"og:image:type\" content=\"image\/png\" \/>\n<meta name=\"twitter:card\" content=\"summary_large_image\" \/>\n<meta name=\"twitter:label1\" content=\"Est. tempo de leitura\" \/>\n\t<meta name=\"twitter:data1\" content=\"1 minuto\" \/>\n<script type=\"application\/ld+json\" class=\"yoast-schema-graph\">{\"@context\":\"https:\/\/schema.org\",\"@graph\":[{\"@type\":\"WebPage\",\"@id\":\"https:\/\/wdev.pogustgoodhead.com\/pt-br\/results\/braskem\/\",\"url\":\"https:\/\/wdev.pogustgoodhead.com\/pt-br\/results\/braskem\/\",\"name\":\"Danos causados pela mina de sal de Macei\u00f3 - POGUST GOODHEAD\",\"isPartOf\":{\"@id\":\"https:\/\/wdev.pogustgoodhead.com\/pt-br\/#website\"},\"datePublished\":\"2023-02-02T23:01:19+00:00\",\"dateModified\":\"2023-04-03T15:20:35+00:00\",\"breadcrumb\":{\"@id\":\"https:\/\/wdev.pogustgoodhead.com\/pt-br\/results\/braskem\/#breadcrumb\"},\"inLanguage\":\"pt-BR\",\"potentialAction\":[{\"@type\":\"ReadAction\",\"target\":[\"https:\/\/wdev.pogustgoodhead.com\/pt-br\/results\/braskem\/\"]}]},{\"@type\":\"BreadcrumbList\",\"@id\":\"https:\/\/wdev.pogustgoodhead.com\/pt-br\/results\/braskem\/#breadcrumb\",\"itemListElement\":[{\"@type\":\"ListItem\",\"position\":1,\"name\":\"Home\",\"item\":\"https:\/\/wdev.pogustgoodhead.com\/pt-br\/\"},{\"@type\":\"ListItem\",\"position\":2,\"name\":\"Danos causados pela mina de sal de Macei\u00f3\"}]},{\"@type\":\"WebSite\",\"@id\":\"https:\/\/wdev.pogustgoodhead.com\/pt-br\/#website\",\"url\":\"https:\/\/wdev.pogustgoodhead.com\/pt-br\/\",\"name\":\"POGUST GOODHEAD\",\"description\":\"Making History, Together\",\"publisher\":{\"@id\":\"https:\/\/wdev.pogustgoodhead.com\/pt-br\/#organization\"},\"potentialAction\":[{\"@type\":\"SearchAction\",\"target\":{\"@type\":\"EntryPoint\",\"urlTemplate\":\"https:\/\/wdev.pogustgoodhead.com\/pt-br\/?s={search_term_string}\"},\"query-input\":\"required name=search_term_string\"}],\"inLanguage\":\"pt-BR\"},{\"@type\":\"Organization\",\"@id\":\"https:\/\/wdev.pogustgoodhead.com\/pt-br\/#organization\",\"name\":\"POGUST GOODHEAD\",\"url\":\"https:\/\/wdev.pogustgoodhead.com\/pt-br\/\",\"logo\":{\"@type\":\"ImageObject\",\"inLanguage\":\"pt-BR\",\"@id\":\"https:\/\/wdev.pogustgoodhead.com\/pt-br\/#\/schema\/logo\/image\/\",\"url\":\"https:\/\/wdev.pogustgoodhead.com\/wp-content\/uploads\/2023\/01\/cropped-pogustgoodheadlogobw.png\",\"contentUrl\":\"https:\/\/wdev.pogustgoodhead.com\/wp-content\/uploads\/2023\/01\/cropped-pogustgoodheadlogobw.png\",\"width\":326,\"height\":150,\"caption\":\"POGUST GOODHEAD\"},\"image\":{\"@id\":\"https:\/\/wdev.pogustgoodhead.com\/pt-br\/#\/schema\/logo\/image\/\"}}]}<\/script>\n<!-- \/ Yoast SEO Premium plugin. -->","yoast_head_json":{"title":"Danos causados pela mina de sal de Macei\u00f3 - POGUST GOODHEAD","robots":{"index":"noindex","follow":"follow","max-snippet":"max-snippet:-1","max-image-preview":"max-image-preview:large","max-video-preview":"max-video-preview:-1"},"og_locale":"pt_BR","og_type":"article","og_title":"Danos causados pela mina de sal de Macei\u00f3","og_description":"Em Setembro de 2022, as comunidades perdidas por danos causados pelas minas de sal no Norte do Brasil celebraram depois de garantirem o direito de processar a empresa petroqu\u00edmica Braskem nos tribunais holandeses. Os reclamantes, que viram as suas casas ruir e os bairros desaparecerem para al\u00e9m da repara\u00e7\u00e3o no munic\u00edpio de Macei\u00f3, Alagoas, devido [&hellip;]","og_url":"https:\/\/wdev.pogustgoodhead.com\/pt-br\/results\/braskem\/","og_site_name":"POGUST GOODHEAD","article_modified_time":"2023-04-03T15:20:35+00:00","og_image":[{"width":768,"height":507,"url":"https:\/\/wdev.pogustgoodhead.com\/wp-content\/uploads\/2023\/01\/maceio.png","type":"image\/png"}],"twitter_card":"summary_large_image","twitter_misc":{"Est. tempo de leitura":"1 minuto"},"schema":{"@context":"https:\/\/schema.org","@graph":[{"@type":"WebPage","@id":"https:\/\/wdev.pogustgoodhead.com\/pt-br\/results\/braskem\/","url":"https:\/\/wdev.pogustgoodhead.com\/pt-br\/results\/braskem\/","name":"Danos causados pela mina de sal de Macei\u00f3 - POGUST GOODHEAD","isPartOf":{"@id":"https:\/\/wdev.pogustgoodhead.com\/pt-br\/#website"},"datePublished":"2023-02-02T23:01:19+00:00","dateModified":"2023-04-03T15:20:35+00:00","breadcrumb":{"@id":"https:\/\/wdev.pogustgoodhead.com\/pt-br\/results\/braskem\/#breadcrumb"},"inLanguage":"pt-BR","potentialAction":[{"@type":"ReadAction","target":["https:\/\/wdev.pogustgoodhead.com\/pt-br\/results\/braskem\/"]}]},{"@type":"BreadcrumbList","@id":"https:\/\/wdev.pogustgoodhead.com\/pt-br\/results\/braskem\/#breadcrumb","itemListElement":[{"@type":"ListItem","position":1,"name":"Home","item":"https:\/\/wdev.pogustgoodhead.com\/pt-br\/"},{"@type":"ListItem","position":2,"name":"Danos causados pela mina de sal de Macei\u00f3"}]},{"@type":"WebSite","@id":"https:\/\/wdev.pogustgoodhead.com\/pt-br\/#website","url":"https:\/\/wdev.pogustgoodhead.com\/pt-br\/","name":"POGUST GOODHEAD","description":"Making History, Together","publisher":{"@id":"https:\/\/wdev.pogustgoodhead.com\/pt-br\/#organization"},"potentialAction":[{"@type":"SearchAction","target":{"@type":"EntryPoint","urlTemplate":"https:\/\/wdev.pogustgoodhead.com\/pt-br\/?s={search_term_string}"},"query-input":"required name=search_term_string"}],"inLanguage":"pt-BR"},{"@type":"Organization","@id":"https:\/\/wdev.pogustgoodhead.com\/pt-br\/#organization","name":"POGUST GOODHEAD","url":"https:\/\/wdev.pogustgoodhead.com\/pt-br\/","logo":{"@type":"ImageObject","inLanguage":"pt-BR","@id":"https:\/\/wdev.pogustgoodhead.com\/pt-br\/#\/schema\/logo\/image\/","url":"https:\/\/wdev.pogustgoodhead.com\/wp-content\/uploads\/2023\/01\/cropped-pogustgoodheadlogobw.png","contentUrl":"https:\/\/wdev.pogustgoodhead.com\/wp-content\/uploads\/2023\/01\/cropped-pogustgoodheadlogobw.png","width":326,"height":150,"caption":"POGUST GOODHEAD"},"image":{"@id":"https:\/\/wdev.pogustgoodhead.com\/pt-br\/#\/schema\/logo\/image\/"}}]}},"_links":{"self":[{"href":"https:\/\/wdev.pogustgoodhead.com\/pt-br\/wp-json\/wp\/v2\/results\/29613","targetHints":{"allow":["GET"]}}],"collection":[{"href":"https:\/\/wdev.pogustgoodhead.com\/pt-br\/wp-json\/wp\/v2\/results"}],"about":[{"href":"https:\/\/wdev.pogustgoodhead.com\/pt-br\/wp-json\/wp\/v2\/types\/results"}],"version-history":[{"count":0,"href":"https:\/\/wdev.pogustgoodhead.com\/pt-br\/wp-json\/wp\/v2\/results\/29613\/revisions"}],"wp:featuredmedia":[{"embeddable":true,"href":"https:\/\/wdev.pogustgoodhead.com\/pt-br\/wp-json\/wp\/v2\/media\/28794"}],"wp:attachment":[{"href":"https:\/\/wdev.pogustgoodhead.com\/pt-br\/wp-json\/wp\/v2\/media?parent=29613"}],"curies":[{"name":"wp","href":"https:\/\/api.w.org\/{rel}","templated":true}]}}

Danos causados pela mina de sal de Maceió

<p>Em Setembro de 2022, as comunidades perdidas por danos causados pelas minas de sal no Norte do Brasil celebraram depois de garantirem o direito de processar a empresa petroquímica Braskem nos tribunais holandeses. </p>

<p>Os reclamantes, que viram as suas casas ruir e os bairros desaparecerem para além da reparação no município de Maceió, Alagoas, devido à natureza da exploração mineira da Braskem, estão um passo mais perto da justiça. </p>

<p>Agora terão o seu caso de indemnização avaliado nos tribunais holandeses depois de a Braskem S.A, a maior empresa petroquímica do Brasil, não ter oferecido uma reparação adequada e justa. </p>

<p>O sócio da Pogust Goodhead, Marc Krestin, disse: &#8220;Levar este caso aos tribunais holandeses é conseguir justiça para as pessoas que perderam tudo em resultado das actividades mineiras da Braskem. </p>

<p>Perderam as suas casas, a sua comunidade e o seu sentido de identidade devido a esta grande corporação tirar o que quer da terra e não dar uma segunda reflexão ao ambiente e às pessoas à sua volta que pode prejudicar. Estamos aqui para ver que isto não continua a acontecer.</p>

<p>&#8220;Instamos agora a Braskem a tomar nota desta decisão, a deixar de negar responsabilidade pelas suas acções e a fazer o que está certo por todos aqueles que foram prejudicados&#8221;. </p>

<p>Pogust Goodhead prossegue o caso em parceria com os escritórios Neves Macieywski, Garcia e Advogados Associados, Omena Advocacia, Araújo e Máximo Advogados Associados, e Lemstra Van der Korst.</p>

<!-- This site is optimized with the Yoast SEO Premium plugin v20.4 (Yoast SEO v20.4) - https://yoast.com/wordpress/plugins/seo/ -->
<title>Danos causados pela mina de sal de Maceió - POGUST GOODHEAD</title>
<meta name="robots" content="noindex, follow, max-snippet:-1, max-image-preview:large, max-video-preview:-1" />
<meta property="og:locale" content="pt_BR" />
<meta property="og:type" content="article" />
<meta property="og:title" content="Danos causados pela mina de sal de Maceió" />
<meta property="og:description" content="Em Setembro de 2022, as comunidades perdidas por danos causados pelas minas de sal no Norte do Brasil celebraram depois de garantirem o direito de processar a empresa petroquímica Braskem nos tribunais holandeses. Os reclamantes, que viram as suas casas ruir e os bairros desaparecerem para além da reparação no município de Maceió, Alagoas, devido [&hellip;]" />
<meta property="og:url" content="https://wdev.pogustgoodhead.com/pt-br/results/braskem/" />
<meta property="og:site_name" content="POGUST GOODHEAD" />
<meta property="article:modified_time" content="2023-04-03T15:20:35+00:00" />
<meta property="og:image" content="https://wdev.pogustgoodhead.com/wp-content/uploads/2023/01/maceio.png" />
	<meta property="og:image:width" content="768" />
	<meta property="og:image:height" content="507" />
	<meta property="og:image:type" content="image/png" />
<meta name="twitter:card" content="summary_large_image" />
<meta name="twitter:label1" content="Est. tempo de leitura" />
	<meta name="twitter:data1" content="1 minuto" />
<script type="application/ld+json" class="yoast-schema-graph">{"@context":"https://schema.org","@graph":[{"@type":"WebPage","@id":"https://wdev.pogustgoodhead.com/pt-br/results/braskem/","url":"https://wdev.pogustgoodhead.com/pt-br/results/braskem/","name":"Danos causados pela mina de sal de Maceió - POGUST GOODHEAD","isPartOf":{"@id":"https://wdev.pogustgoodhead.com/pt-br/#website"},"datePublished":"2023-02-02T23:01:19+00:00","dateModified":"2023-04-03T15:20:35+00:00","breadcrumb":{"@id":"https://wdev.pogustgoodhead.com/pt-br/results/braskem/#breadcrumb"},"inLanguage":"pt-BR","potentialAction":[{"@type":"ReadAction","target":["https://wdev.pogustgoodhead.com/pt-br/results/braskem/"]}]},{"@type":"BreadcrumbList","@id":"https://wdev.pogustgoodhead.com/pt-br/results/braskem/#breadcrumb","itemListElement":[{"@type":"ListItem","position":1,"name":"Home","item":"https://wdev.pogustgoodhead.com/pt-br/"},{"@type":"ListItem","position":2,"name":"Danos causados pela mina de sal de Maceió"}]},{"@type":"WebSite","@id":"https://wdev.pogustgoodhead.com/pt-br/#website","url":"https://wdev.pogustgoodhead.com/pt-br/","name":"POGUST GOODHEAD","description":"Making History, Together","publisher":{"@id":"https://wdev.pogustgoodhead.com/pt-br/#organization"},"potentialAction":[{"@type":"SearchAction","target":{"@type":"EntryPoint","urlTemplate":"https://wdev.pogustgoodhead.com/pt-br/?s={search_term_string}"},"query-input":"required name=search_term_string"}],"inLanguage":"pt-BR"},{"@type":"Organization","@id":"https://wdev.pogustgoodhead.com/pt-br/#organization","name":"POGUST GOODHEAD","url":"https://wdev.pogustgoodhead.com/pt-br/","logo":{"@type":"ImageObject","inLanguage":"pt-BR","@id":"https://wdev.pogustgoodhead.com/pt-br/#/schema/logo/image/","url":"https://wdev.pogustgoodhead.com/wp-content/uploads/2023/01/cropped-pogustgoodheadlogobw.png","contentUrl":"https://wdev.pogustgoodhead.com/wp-content/uploads/2023/01/cropped-pogustgoodheadlogobw.png","width":326,"height":150,"caption":"POGUST GOODHEAD"},"image":{"@id":"https://wdev.pogustgoodhead.com/pt-br/#/schema/logo/image/"}}]}</script>
<!-- / Yoast SEO Premium plugin. -->

Danos causados pela mina de sal de Maceió - POGUST GOODHEAD

Em Setembro de 2022, as comunidades perdidas por danos causados pelas minas de sal no Norte do Brasil celebraram depois de garantirem o direito de processar a empresa petroquímica Braskem nos tribunais holandeses. Os reclamantes, que viram as suas casas ruir e os bairros desaparecerem para além da reparação no município de Maceió, Alagoas, devido [&hellip;]
